 513?
5
What is the tens digit of 21355?
5
What is the units digit of 7465?
5
What is the thousands digit of 2405?
2
What is the units digit of 863?
3
What is the ten thousands digit of 105341?
0
What is the thousands digit of 1380?
1
What is the units digit of 62?
2
What is the units digit of 1290?
0
What is the hundreds digit of 3093?
0
What is the units digit of 3110?
0
What is the ten thousands digit of 22955?
2
What is the thousands digit of 6612?
6
What is the tens digit of 6889?
8
What is the thousands digit of 9639?
9
What is the hundreds digit of 70542?
5
What is the tens digit of 5114?
1
What is the hundreds digit of 3695?
6
What is the thousands digit of 6344?
6
What is the units digit of 1039?
9
What is the hundreds digit of 524?
5
What is the units digit of 7049?
9
What is the hundreds digit of 3839?
8
What is the units digit of 26106?
6
What is the hundreds digit of 9673?
6
What is the thousands digit of 50221?
0
What is the hundreds digit of 4973?
9
What is the thousands digit of 125492?
5
What is the tens digit of 324?
2
What is the units digit of 19479?
9
What is the hundreds digit of 4555?
5
What is the tens digit of 2676?
7
What is the hundreds digit of 7614?
6
What is the units digit of 660?
0
What is the units digit of 1543?
3
What is the units digit of 2627?
7
What is the ten thousands digit of 168210?
6
What is the units digit of 5891?
1
What is the ten thousands digit of 62871?
6
What is the hundreds digit of 864?
8
What is the thousands digit of 79122?
9
What is the thousands digit of 3436?
3
What is the units digit of 8115?
5
What is the thousands digit of 5921?
5
What is the tens digit of 11259?
5
What is the hundreds digit of 22932?
9
What is the hundreds digit of 478?
4
What is the hundreds digit of 66415?
4
What is the tens digit of 3411?
1
What is the tens digit of 80304?
0
What is the units digit of 8228?
8
What is the units digit of 1754?
4
What is the hundreds digit of 6015?
0
What is the thousands digit of 1411?
1
What is the thousands digit of 1574?
1
What is the tens digit of 4303?
0
What is the thousands digit of 150676?
0
What is the thousands digit of 9985?
9
What is the thousands digit of 7258?
7
What is the hundreds digit of 1774?
7
What is the hundreds digit of 128321?
3
What is the thousands digit of 5046?
5
What is the hundreds digit of 14387?
3
What is the units digit of 4628?
8
What is the thousands digit of 2317?
2
What is the tens digit of 201?
0
What is the ten thousands digit of 33805?
3
What is the units digit of 10452?
2
What is the hundreds digit of 70975?
9
What is the tens digit of 3652?
5
What is the units digit of 13201?
1
What is the units digit of 139409?
9
What is the hundreds digit of 1268?
2
What is the units digit of 6489?
9
What is the thousands digit of 1193?
1
What is the tens digit of 8048?
4
What is the tens digit of 22994?
9
What is the hundreds digit of 710?
7
What is the ten thousands digit of 32463?
3
What is the hundreds digit of 102595?
5
What is the ten thousands digit of 67135?
6
What is the units digit of 214?
4
What is the units digit of 8447?
7
What is the tens digit of 4806?
0
What is the tens digit of 5161?
6
What is the hundreds digit of 3908?
9
What is the hundreds digit of 328?
3
What is the units digit of 86?
6
What is the ten thousands digit of 29956?
2
What is the tens digit of 2452?
5
What is the hundreds digit of 7813?
8
What is the tens digit of 694?
9
What is the ten thousands digit of 14681?
1
What is the units digit of 38367?
7
What is the units digit of 959?
9
What is the thousands digit of 8115?
8
What is the thousands digit of 75893?
5
What is the hundreds digit of 272?
2
What is the thousands digit of 42504?
2
What is the hundreds digit of 1028?
0
What is the thousands digit of 85563?
5
What is the tens digit of 598?
9
What is the thousands digit of 79022?
9
What is the tens digit of 3728?
2
What is the hundreds digit of 232?
2
What is the units digit of 954?
4
What is the units digit of 12705?
5
What is the tens digit of 1018?
1
What is the units digit of 3531?
1
What is the tens digit of 872?
7
What is the thousands digit of 22271?
2
What is the tens digit of 15029?
2
What is the tens digit of 34454?
5
What is the tens digit of 21001?
0
What is the units digit of 820?
0
What is the units digit of 46651?
1
What is the thousands digit of 1414?
1
What is the thousands digit of 5286?
5
What is the units digit of 51791?
1
What is the hundreds digit of 900?
9
What is the ten thousands digit of 125817?
2
What is the hundreds digit of 4163?
1
What is the tens digit of 11?
1
What is the tens digit of 913?
1
What is the units digit of 1231?
1
What is the hundreds digit of 30199?
1
What is the units digit of 32798?
8
What is the thousands digit of 33288?
3
What is the units digit of 1661?
1
What is the hundreds digit of 6779?
7
What is the thousands digit of 1116?
1
What is the tens digit of 35121?
2
What is the units digit of 6002?
2
What is the units digit of 60599?
9
What is the thousands digit of 66372?
6
What is the units digit of 6000?
0
What is the tens digit of 487?
8
What is the tens digit of 147346?
4
What is the hundreds digit of 12050?
0
What is the units digit of 349?
9
What is the units digit of 1049?
9
What is the units digit of 122839?
9
What is the units digit of 127313?
3
What is the thousands digit of 48981?
8
What is the units digit of 4069?
9
What is the hundreds digit of 104356?
3
What is the tens digit of 23545?
4
What is the thousands digit of 56583?
6
What is the tens digit of 858?
5
What is the tens digit of 25633?
3
What is the units digit of 9935?
5
What is the tens digit of 712?
1
What is the units digit of 5141?
1
What is the units digit of 3684?
4
What is the tens digit of 5923?
2
What is the units digit of 24975?
5
What is the hundreds digit of 3434?
4
What is the units digit of 3008?
8
What is the tens digit of 2677?
7
What is the units digit of 5754?
4
What is the units digit of 1529?
9
What is the hundreds digit of 39735?
7
What is the tens digit of 18647?
4
What is the hundred thousands digit of 116610?
1
What is the units digit of 9817?
7
What is the thousands digit of 68102?
8
What is the hundreds digit of 702?
7
What is the tens digit of 2337?
3
What is the tens digit of 586?
8
What is the ten thousands digit of 34416?
3
What is the hundreds digit of 19745?
7
What is the thousands digit of 69918?
9
What is the hundreds digit of 71499?
4
What is the units digit of 18405?
5
What is the tens digit of 93438?
3
What is the tens digit of 1268?
6
What is the thousands digit of 5112?
5
What is the tens digit of 27928?
2
What is the thousands digit of 1313?
1
What is the hundreds digit of 619?
6
What is the tens digit of 1023?
2
What is the tens digit of 1720?
2
What is the thousands digit of 1820?
1
What is the thousands digit of 1662?
1
What is the tens digit of 6138?
3
What is the tens digit of 7310?
1
What is the hundreds digit of 47470?
4
What is the hundreds digit of 748?
7
What is the units digit of 460?
0
What is the thousands digit of 7411?
7
What is the thousands digit of 59802?
9
What is the thousands digit of 83643?
3
What is the units digit of 25219?
9
What is the units digit of 5490?
0
What is the units digit of 42596?
6
What is the hundreds digit of 5088?
0
What is the hundreds digit of 582?
5
What is the hundreds digit of 4797?
7
What is the thousands digit of 2173?
2
What is the hundreds digit of 75732?
7
What is the hundreds digit of 169060?
0
What is the ten thousands digit of 113037?
1
What is the hundreds digit of 12947?
9
What is the units digit of 24291?
1
What is the thousands digit of 2849?
2
What is the thousands digit of 3826?
3
What is the units digit of 65957?
7
What is the units digit of 9945?
5
What is the hundreds digit of 50590?
5
What is the units digit of 19?
9
What is the tens digit of 475?
7
What is the ten thousands digit of 11374?
1
What is the thousands digit of 58489?
8
What is the hundreds digit of 4198?
1
What is the units digit of 7?
7
What is the hundreds digit of 86416?
4
What is the hundreds digit of 42816?
8
What is the tens digit of 194?
9
What is the units digit of 3485?
5
What is the tens digit of 5339?
3
What is the tens digit of 185?
8
What is the units digit of 141?
1
